 - 0). Let d be c(u). Suppose 96 = p - d*j, 5*j - 38 = -p + 18. What is the units digit of p?
6
Suppose 130380 = 131*j - 111*j. What is the units digit of j?
9
Suppose -52*k - 64 = -68*k. Suppose -2*i - 3*b = -1383, -5*i + 3470 = -9*b + k*b. What is the units digit of i?
3
Let t be (-3)/((-78)/(-4)) - 174/(-1131). Suppose -3*m + 399 = 3*l, 2*l + 4*m = -t*m + 262. What is the tens digit of l?
3
Suppose -5*i + y = -3*y - 47, -5*y - 50 = -5*i. Suppose 4*b + 3*b = i. What is the tens digit of b*5*(-98)/(-35)?
1
Let t = 33 - 31. Suppose -t*l - 4*j + 2010 = 0, 3*j + 2004 + 1038 = 3*l. Suppose 808 = 4*i + 2*u, -3*u = 4*i + i - l. What is the units digit of i?
1
Let n(b) = 2*b + 1085. Let j be n(0). Suppose -5*v = 4*a - 5*a - j, 434 = 2*v - 4*a. What is the hundreds digit of v?
2
Let l(n) be the third derivative of -1/24*n**4 + 0 + 0*n + 26/3*n**3 + 4*n**2. What is the units digit of l(15)?
7
Let u = 68 + -63. Let z(p) = 4 + 43*p + 2 + 5. What is the hundreds digit of z(u)?
2
Let x = -5486 - -17682. What is the hundreds digit of x?
1
Suppose 48*y - 51*y + 3*d - 363 = 0, 3*d = -3*y - 357. Let q be (-1 + 3 + -17)*14. Let v = y - q. What is the units digit of v?
0
Suppose 9*f = 16*f + 1855. Let k = 502 + f. What is the tens digit of k?
3
Let g(j) = -j**2 + 176*j + 48. What is the thousands digit of g(52)?
6
Suppose 17346 = 27*g - 10734. What is the hundreds digit of g?
0
Let a(s) = -61*s - 17. Let m be a(1). Let r = m - -160. What is the units digit of r?
2
Let s(i) = 52*i - 22. Let m be s(-3). Let z = 496 + m. What is the tens digit of z?
1
Suppose 3*c + 2*c + 1700 = 0. Suppose -5*y - 778 = 5*m - m, 4*m = 2*y - 792. Let s = m - c. What is the units digit of s?
3
Let h = 97 - 79. Let i = 65 - h. Suppose 160 = 5*x - 0*x + 5*r, x = 4*r + i. What is the units digit of x?
5
Suppose 94836 = 15*s - 6564. Suppose -s = 3*b - 23*b. What is the hundreds digit of b?
3
Let l = -70 + 100. Let t be (-5)/20*-4 + (0 - 1). What is the units digit of t - (4*l)/(-4)?
0
Let b be 179/3 - 9/(-27). Let q = b - 58. Suppose 0 = -q*t - 3*d + 134 + 157, 0 = -5*d + 5. What is the hundreds digit of t?
1
Suppose -2*n - 6*a = -18*a - 37262, n - 5*a = 18629. What is the units digit of n?
9
Suppose 0 = 3*m + 3*x - 79092, -5*m + 93*x + 131868 = 90*x. What is the hundreds digit of m?
3
Suppose -10*l - 2*l + 2*l = 0. Suppose l = 2*q - 4*j - 190, -5*q = -4*j - 0*j - 445. What is the tens digit of q?
8
Let t(m) = -4*m + 70. Let y be t(17). Suppose -y*x - 3*l = -89, x + 11*l - 41 = 6*l. What is the tens digit of x?
4
Suppose -92 = -8*x + 116. Let z(l) = -3*l**2 + 99*l - 49. What is the hundreds digit of z(x)?
4
Let o(j) = 6*j + 188. Let m be o(-31). Suppose 0*f - 3176 = -m*f + 4*y, -4*y + 1576 = f. What is the thousands digit of f?
1
Let k(h) = -621*h + 3368. What is the tens digit of k(-6)?
9
Suppose -2*r - 35929 = -3*a, 794 = -5*r + 814. What is the hundreds digit of a?
9
Let x = 57 - 37. What is the units digit of (-32)/(((-2)/6)/(x/30))?
4
Suppose 9*s = -14*s - 138. What is the units digit of 11643/12 - (s - 175/(-28))?
0
Suppose i - 46880 = -3*i. What is the ten thousands digit of i?
1
Let i = -135 - -130. Let p(w) = 3*w**2 + 10*w - 7. Let c(d) = -2*d**2 - 9*d + 8. Let b(h) = 5*c(h) + 4*p(h). What is the units digit of b(i)?
7
Suppose 11*p = 19*p + 40. Let v be 1199/(-8) + -3*p/(-120). What is the units digit of (-2)/(-15) - 20380/v?
6
Suppose -d = 2*d + 4*d. Suppose d = -5*t + 634 + 1511. Suppose 3*y = 3*v + t, 0*y - 149 = -y - v. What is the hundreds digit of y?
1
Let d(v) be the third derivative of v**6/20 + v**5/20 - v**4/4 + 4*v**3/3 + 25*v**2. What is the units digit of d(4)?
6
Suppose 183*y = 76*y - 2889. Let j(x) be the first derivative of -2*x**3/3 - 27*x**2 + 10*x + 2. What is the tens digit of j(y)?
1
Let s(p) = 2*p**2 + 19*p + 12. Let x be s(-15). Suppose 0 = -y - i + 1, y + 0*y - 2*i = 7. What is the units digit of 1/(1*y/x)?
9
Let a = -887 - -505. Let s = -184 - a. Suppose 3*r - s = 21. What is the tens digit of r?
7
Suppose -2 = -5*u - 4*i, -2*u = -3*i + 5 - 15. Suppose 2 + 156 = u*b. What is the units digit of b?
9
What is the thousands digit of (-9)/3 - -11527 - (-5)/(-15)*12?
1
Let k = -1006 + 2054. Suppose -12*t + k = -8*t. What is the hundreds digit of (t - -8)*1/2?
1
Let j = 3767 - 315. Suppose 0 = -213*f + 217*f - j. What is the hundreds digit of f?
8
Let z = 34 - 34. Suppose 4*d - 4*h - 164 = 0, -h - 3*h + 12 = z. Let c = d + -19. What is the tens digit of c?
2
Let x(a) = a**2 - 5*a - 47. Let g be x(-5). Suppose -g*j + 6171 = 1704. What is the units digit of j?
9
Let c(q) = -q**2 - 4*q + 2. Let a be c(-4). Let k(y) = y + 5. Let u be k(-2). Suppose -a*t - z + 110 = -t, -3*z - 318 = -u*t. What is the hundreds digit of t?
1
What is the units digit of 1*23913/((-9)/(-1))?
7
Suppose -3*x = 2*y + x + 46, 2*y + 71 = x. Let h = 188 + y. What is the hundreds digit of h?
1
Suppose p = -6*p + 1225. Suppose 0 = t - n - p, 2*t + 5*n - 8*n = 353. What is the hundreds digit of t?
1
Suppose 89*v - 991952 = -35*v - 28*v. What is the thousands digit of v?
6
Let k(h) = 51*h - 11. Let s be k(9). Suppose s = f - 0*f. Suppose -u + 0 - 2 = 0, 0 = -5*n - u + f. What is the units digit of n?
0
Let v(b) = -2*b - 35. Let d be v(-17). Let s be d/(-2) + 0 - 4882/(-4). Suppose -3*u = -14*u + s. What is the tens digit of u?
1
Suppose 11*m = 46*m - 70. What is the units digit of (53 + 308)*(m*-1)/(-2)?
1
Suppose -17*a = -25*a + 60040. Let w = -4255 + a. What is the units digit of (w/15)/10*(-6)/(-2)?
5
Let d(j) = -j**3 - 16*j**2 - 48*j + 2. Let w be d(-12). Suppose -4*b = w*h - 1940, -h = -3*b + 45 - 1030. What is the units digit of h?
6
Let k(f) = -f**2 - 4*f + 6. Let a be k(4). Let x = -124 - -216. Let n = x + a. What is the tens digit of n?
6
Let v = -52 + 57. Suppose -v*x + 8 = -s + 36, 5*s = -x + 36. What is the tens digit of 32/s - -81*1?
8
Let c be (39/312 - 66/16) + -2132. Let a = c + 3413. What is the hundreds digit of a?
2
Let k = 65 - 24. What is the hundreds digit of (2 - 2) + 491 + (k - 44)?
4
Let p = 29 - 5. Let y = p + -176. Let v = y + 272. What is the units digit of v?
0
Let i = 815 + -1822. Let g = 1481 + i. What is the tens digit of g?
7
Suppose 1040 = 3*b - 1462. Suppose b = 3*t + 270. What is the hundreds digit of t?
1
Let h = -40188 + 74927. What is the ten thousands digit of h?
3
Let u = -32 - -34. Suppose u*c + 0 + 4 = 0, 5*d - 269 = -3*c. Suppose 3*n + 2*n + d = 2*r, n + 89 = 3*r. What is the tens digit of r?
3
Let j be (-4)/(-2)*(34 + 8). Suppose 48 + j = f. What is the units digit of f?
2
Let y(f) be the second derivative of f**4/12 - f**3/2 - f**2 - 2*f + 17. What is the units digit of y(-8)?
6
Let i(p) = -p**3 - 2*p + 8. Let m be i(0). Let n(l) = l - 10. Let y be n(m). What is the tens digit of (y/(-10))/(-1) + (-766)/(-5)?
5
Let d = -4596 - -25637. What is the ten thousands digit of d?
2
Let y(z) = 206*z**2 - 12 - 9*z - 17 - 203*z**2. What is the units digit of y(11)?
5
Suppose 0 = 10*g - 7*g + 663. Let y = g + 335. What is the tens digit of y?
1
Let w(u) = u**3 - 45. Let l be w(0). Let f = l + 50. Suppose -5*v - 4*p + 220 = -v, -f*v + 4*p = -320. What is the units digit of v?
0
Let c(f) be the first derivative of -20*f**2 - 9*f + 5. Let z(y) = 39*y + 8. Let o(j) = 4*c(j) + 3*z(j). What is the tens digit of o(-4)?
6
Suppose -215 - 1409 = -8*v. Let j = 140 + v. What is the units digit of j?
3
Suppose 7*u - 3823 = -680. Suppose -n = 4*p - u, 7*n - 11*n + 2*p + 1760 = 0. What is the units digit of n?
1
Suppose 6*i - 3*i = 6. Let h(u) = -3*u - 1. Let y(t) = 23*t - 7. Let j(z) = -6*h(z) - y(z). What is the units digit of j(i)?
3
Let h be 4/(96/28) + 2/(-12). Let j be h*7 - (7 + -7 + 0). Suppose -j*o = -772 + 254. What is the units digit of o?
4
Let z be (1 - (0 - 0))/((-14)/(-42)). What is the tens digit of (-8 - 5)*z*-1*9?
5
Let d(n) = 4*n**2 + 9*n - 1. Let x be d(3). Let v = 245 - x. What is the tens digit of v?
8
Suppose 4628*g = 4639*g - 2244. What is the units digit of g?
4
Let p(l) = 2*l**2 - 6*l + 71. Suppose 0 = -2*y - 16*y - 252. What is the hundreds digit of p(y)?
5
Let q be 45/60 - (-9)/4. What is the tens digit of ((62 + 1)/q)/((-6)/(-4))?
1
What is the tens digit of (-247012)/(-20) + 3 + 18/45?
5
Let p(k) = 15*k**2 + 2*k - 401. What is the units digit of